{"id":645,"date":"2024-02-19T22:34:56","date_gmt":"2024-02-19T21:34:56","guid":{"rendered":"https:\/\/przestrzendlaedukacji.org\/?page_id=645"},"modified":"2024-04-22T20:49:42","modified_gmt":"2024-04-22T18:49:42","slug":"wspieraj","status":"publish","type":"page","link":"https:\/\/przestrzendlaedukacji.org\/index.php\/wspieraj\/","title":{"rendered":"Wspieraj"},"content":{"rendered":"\t\t<div data-elementor-type=\"wp-page\" data-elementor-id=\"645\" class=\"elementor elementor-645\">\n\t\t\t\t<div class=\"elementor-element elementor-element-5bcee15 e-con-full she-header-yes e-flex wpr-particle-no wpr-jarallax-no wpr-parallax-no e-con e-parent\" data-id=\"5bcee15\" data-element_type=\"container\" data-settings=\"{&quot;transparent&quot;:&quot;yes&quot;,&quot;scroll_distance&quot;:{&quot;unit&quot;:&quot;px&quot;,&quot;size&quot;:0,&quot;sizes&quot;:[]},&quot;transparent_on&quot;:[&quot;desktop&quot;,&quot;tablet&quot;,&quot;mobile&quot;],&quot;scroll_distance_tablet&quot;:{&quot;unit&quot;:&quot;px&quot;,&quot;size&quot;:&quot;&quot;,&quot;sizes&quot;:[]},&quot;scroll_distance_mobile&quot;:{&quot;unit&quot;:&quot;px&quot;,&quot;size&quot;:&quot;&quot;,&quot;sizes&quot;:[]}}\" data-core-v316-plus=\"true\">\n\t\t\t\t<div class=\"elementor-element elementor-element-49e307b elementor-widget elementor-widget-shortcode\" data-id=\"49e307b\" data-element_type=\"widget\" data-widget_type=\"shortcode.default\">\n\t\t\t\t<div class=\"elementor-widget-container\">\n\t\t\t\t\t<div class=\"elementor-shortcode\">\t\t<div data-elementor-type=\"wp-post\" data-elementor-id=\"313\" class=\"elementor elementor-313\">\n\t\t\t\t<div data-wpr-sticky-section=\"yes\" data-wpr-position-type=\"sticky\" data-wpr-position-offset=\"0\" data-wpr-position-location=\"top\" data-wpr-sticky-devices=\"desktop_sticky\" data-wpr-custom-breakpoints=\"default\" data-wpr-active-breakpoints=\"mobile_sticky tablet_sticky desktop_sticky\" data-wpr-z-index=\"\" data-wpr-sticky-hide=\"\" data-wpr-replace-header=\"\" data-wpr-animation-duration=\"\" data-wpr-sticky-type=\"sticky\" class=\"elementor-element elementor-element-59be014 wpr-sticky-section-yes she-header-yes e-flex e-con-boxed wpr-particle-no wpr-jarallax-no wpr-parallax-no e-con e-parent\" data-id=\"59be014\" data-element_type=\"container\" data-settings=\"{&quot;background_background&quot;:&quot;classic&quot;,&quot;transparent&quot;:&quot;yes&quot;,&quot;scroll_distance&quot;:{&quot;unit&quot;:&quot;px&quot;,&quot;size&quot;:0,&quot;sizes&quot;:[]},&quot;position_offset&quot;:0,&quot;position_offset_tablet&quot;:0,&quot;position_offset_mobile&quot;:0,&quot;transparent_on&quot;:[&quot;desktop&quot;,&quot;tablet&quot;,&quot;mobile&quot;],&quot;scroll_distance_tablet&quot;:{&quot;unit&quot;:&quot;px&quot;,&quot;size&quot;:&quot;&quot;,&quot;sizes&quot;:[]},&quot;scroll_distance_mobile&quot;:{&quot;unit&quot;:&quot;px&quot;,&quot;size&quot;:&quot;&quot;,&quot;sizes&quot;:[]}}\" data-core-v316-plus=\"true\">\n\t\t\t\t\t<div class=\"e-con-inner\">\n\t\t\t\t<div class=\"elementor-element elementor-element-a562a30 elementor-widget elementor-widget-image\" data-id=\"a562a30\" data-element_type=\"widget\" data-widget_type=\"image.default\">\n\t\t\t\t<div class=\"elementor-widget-container\">\n\t\t\t<style>\/*! elementor - v3.20.0 - 10-04-2024 *\/\n.elementor-widget-image{text-align:center}.elementor-widget-image a{display:inline-block}.elementor-widget-image a img[src$=\".svg\"]{width:48px}.elementor-widget-image img{vertical-align:middle;display:inline-block}<\/style>\t\t\t\t\t\t\t\t\t\t\t<a href=\"https:\/\/przestrzendlaedukacji.org\/\">\n\t\t\t\t\t\t\t<img decoding=\"async\" src=\"https:\/\/przestrzendlaedukacji.org\/wp-content\/uploads\/2024\/02\/pde.jpg\" title=\"\" alt=\"\" loading=\"lazy\" \/>\t\t\t\t\t\t\t\t<\/a>\n\t\t\t\t\t\t\t\t\t\t\t\t\t<\/div>\n\t\t\t\t<\/div>\n\t\t\t\t<div class=\"elementor-element elementor-element-6febed6 elementor-widget elementor-widget-ekit-nav-menu\" data-id=\"6febed6\" data-element_type=\"widget\" data-widget_type=\"ekit-nav-menu.default\">\n\t\t\t\t<div class=\"elementor-widget-container\">\n\t\t\t<div class=\"ekit-wid-con ekit_menu_responsive_mobile\" data-hamburger-icon=\"\" data-hamburger-icon-type=\"icon\" data-responsive-breakpoint=\"767\">            <button class=\"elementskit-menu-hamburger elementskit-menu-toggler\"  type=\"button\" aria-label=\"hamburger-icon\">\n                                    <span class=\"elementskit-menu-hamburger-icon\"><\/span><span class=\"elementskit-menu-hamburger-icon\"><\/span><span class=\"elementskit-menu-hamburger-icon\"><\/span>\n                            <\/button>\n            <div id=\"ekit-megamenu-menu\" class=\"elementskit-menu-container elementskit-menu-offcanvas-elements elementskit-navbar-nav-default ekit-nav-menu-one-page-no ekit-nav-dropdown-hover\"><ul id=\"menu-menu\" class=\"elementskit-navbar-nav elementskit-menu-po-center submenu-click-on-icon\"><li id=\"menu-item-578\" class=\"menu-item menu-item-type-post_type menu-item-object-page menu-item-has-children menu-item-578 nav-item elementskit-dropdown-has relative_position elementskit-dropdown-menu-default_width elementskit-mobile-builder-content\" data-vertical-menu=750px><a href=\"https:\/\/przestrzendlaedukacji.org\/index.php\/o-fundacji\/\" class=\"ekit-menu-nav-link ekit-menu-dropdown-toggle\">O nas<i aria-hidden=\"true\" class=\"icon icon-arrow-point-to-down elementskit-submenu-indicator\"><\/i><\/a>\n<ul class=\"elementskit-dropdown elementskit-submenu-panel\">\n\t<li id=\"menu-item-601\" class=\"menu-item menu-item-type-custom menu-item-object-custom menu-item-601 nav-item elementskit-mobile-builder-content\" data-vertical-menu=750px><a href=\"https:\/\/przestrzendlaedukacji.org\/index.php\/o-fundacji\/#eksperci1\" class=\" dropdown-item\">Eksperci i ekspertki<\/a><\/ul>\n<\/li>\n<li id=\"menu-item-637\" class=\"menu-item menu-item-type-post_type menu-item-object-page menu-item-has-children menu-item-637 nav-item elementskit-dropdown-has relative_position elementskit-dropdown-menu-default_width elementskit-mobile-builder-content\" data-vertical-menu=750px><a href=\"https:\/\/przestrzendlaedukacji.org\/index.php\/dzialania\/\" class=\"ekit-menu-nav-link ekit-menu-dropdown-toggle\">Dzia\u0142ania<i aria-hidden=\"true\" class=\"icon icon-arrow-point-to-down elementskit-submenu-indicator\"><\/i><\/a>\n<ul class=\"elementskit-dropdown elementskit-submenu-panel\">\n\t<li id=\"menu-item-641\" class=\"menu-item menu-item-type-custom menu-item-object-custom menu-item-641 nav-item elementskit-mobile-builder-content\" data-vertical-menu=750px><a href=\"https:\/\/przestrzendlaedukacji.org\/index.php\/dzialania\/#opinie1\" class=\" dropdown-item\">Analizy<\/a><\/ul>\n<\/li>\n<li id=\"menu-item-654\" class=\"menu-item menu-item-type-post_type menu-item-object-page menu-item-has-children menu-item-654 nav-item elementskit-dropdown-has relative_position elementskit-dropdown-menu-default_width elementskit-mobile-builder-content\" data-vertical-menu=750px><a href=\"https:\/\/przestrzendlaedukacji.org\/index.php\/projekty\/\" class=\"ekit-menu-nav-link ekit-menu-dropdown-toggle\">Projekty<i aria-hidden=\"true\" class=\"icon icon-arrow-point-to-down elementskit-submenu-indicator\"><\/i><\/a>\n<ul class=\"elementskit-dropdown elementskit-submenu-panel\">\n\t<li id=\"menu-item-656\" class=\"menu-item menu-item-type-custom menu-item-object-custom menu-item-656 nav-item elementskit-mobile-builder-content\" data-vertical-menu=750px><a href=\"https:\/\/przestrzendlaedukacji.org\/index.php\/projekty\/#szkoladebaty1\" class=\" dropdown-item\">Szko\u0142a debaty<\/a>\t<li id=\"menu-item-657\" class=\"menu-item menu-item-type-custom menu-item-object-custom menu-item-657 nav-item elementskit-mobile-builder-content\" data-vertical-menu=750px><a href=\"https:\/\/przestrzendlaedukacji.org\/index.php\/projekty\/#konsultacje1\" class=\" dropdown-item\">Obywatelskie konsultacje<\/a><\/ul>\n<\/li>\n<li id=\"menu-item-648\" class=\"menu-item menu-item-type-post_type menu-item-object-page menu-item-648 nav-item elementskit-mobile-builder-content\" data-vertical-menu=750px><a href=\"https:\/\/przestrzendlaedukacji.org\/index.php\/kontakt\/\" class=\"ekit-menu-nav-link\">Kontakt<\/a><\/li>\n<li id=\"menu-item-647\" class=\"menu-item menu-item-type-post_type menu-item-object-page menu-item-647 nav-item elementskit-mobile-builder-content\" data-vertical-menu=750px><a href=\"https:\/\/przestrzendlaedukacji.org\/index.php\/wspieraj\/\" class=\"ekit-menu-nav-link\">Wspieraj<\/a><\/li>\n<\/ul><div class=\"elementskit-nav-identity-panel\">\n\t\t\t\t<div class=\"elementskit-site-title\">\n\t\t\t\t\t<a class=\"elementskit-nav-logo\" href=\"https:\/\/przestrzendlaedukacji.org\" target=\"_self\" rel=\"\">\n\t\t\t\t\t\t<img decoding=\"async\" src=\"\" title=\"\" alt=\"\" \/>\n\t\t\t\t\t<\/a> \n\t\t\t\t<\/div><button class=\"elementskit-menu-close elementskit-menu-toggler\" type=\"button\">X<\/button><\/div><\/div>\t\t\t\n\t\t\t<div class=\"elementskit-menu-overlay elementskit-menu-offcanvas-elements elementskit-menu-toggler ekit-nav-menu--overlay\"><\/div><\/div>\t\t<\/div>\n\t\t\t\t<\/div>\n\t\t\t\t\t<\/div>\n\t\t\t\t<\/div>\n\t\t\t\t<\/div>\n\t\t<\/div>\n\t\t\t\t<\/div>\n\t\t\t\t<\/div>\n\t\t\t\t<\/div>\n\t\t<div class=\"elementor-element elementor-element-7a3b09f e-flex e-con-boxed wpr-particle-no wpr-jarallax-no wpr-parallax-no wpr-sticky-section-no e-con e-parent\" data-id=\"7a3b09f\" data-element_type=\"container\" data-settings=\"{&quot;background_background&quot;:&quot;classic&quot;,&quot;_ha_eqh_enable&quot;:false}\" data-core-v316-plus=\"true\">\n\t\t\t\t\t<div class=\"e-con-inner\">\n\t\t\t\t<div class=\"elementor-element elementor-element-e84b56b elementor-widget__width-inherit elementor-widget elementor-widget-text-editor\" data-id=\"e84b56b\" data-element_type=\"widget\" data-widget_type=\"text-editor.default\">\n\t\t\t\t<div class=\"elementor-widget-container\">\n\t\t\t<style>\/*! elementor - v3.20.0 - 10-04-2024 *\/\n.elementor-widget-text-editor.elementor-drop-cap-view-stacked .elementor-drop-cap{background-color:#69727d;color:#fff}.elementor-widget-text-editor.elementor-drop-cap-view-framed .elementor-drop-cap{color:#69727d;border:3px solid;background-color:transparent}.elementor-widget-text-editor:not(.elementor-drop-cap-view-default) .elementor-drop-cap{margin-top:8px}.elementor-widget-text-editor:not(.elementor-drop-cap-view-default) .elementor-drop-cap-letter{width:1em;height:1em}.elementor-widget-text-editor .elementor-drop-cap{float:left;text-align:center;line-height:1;font-size:50px}.elementor-widget-text-editor .elementor-drop-cap-letter{display:inline-block}<\/style>\t\t\t\t<p>Osoby zainteresowane przekazaniem darowizny na rzecz fundacji proszone s\u0105 o dokonywanie wp\u0142at poprzez p\u0142atno\u015bci Dotpay klikaj\u0105c na wybrany przycisk poni\u017cej:<\/p><p><a href=\"https:\/\/ssl.dotpay.pl\/t2\/?pid=pwu6r500abssfhfol35hc7k3m5v9e2gb\" target=\"_blank\" rel=\"noopener\"><img decoding=\"async\" class=\"size-full wp-image-2457 alignleft\" src=\"https:\/\/przestrzendlaedukacji.files.wordpress.com\/2016\/07\/dotpay_10_baner1.jpg?w=760\" sizes=\"(max-width: 170px) 100vw, 170px\" srcset=\"https:\/\/przestrzendlaedukacji.files.wordpress.com\/2016\/07\/dotpay_10_baner1.jpg 170w, https:\/\/przestrzendlaedukacji.files.wordpress.com\/2016\/07\/dotpay_10_baner1.jpg?w=150&amp;h=64 150w\" alt=\"dotpay_10_baner\" data-attachment-id=\"2457\" data-permalink=\"https:\/\/przestrzendlaedukacji.org\/wspieraj-nas\/dotpay_10_baner-2\/\" data-orig-file=\"https:\/\/przestrzendlaedukacji.files.wordpress.com\/2016\/07\/dotpay_10_baner1.jpg\" data-orig-size=\"170,72\" data-comments-opened=\"0\" data-image-meta=\"{&quot;aperture&quot;:&quot;0&quot;,&quot;credit&quot;:&quot;&quot;,&quot;camera&quot;:&quot;&quot;,&quot;caption&quot;:&quot;&quot;,&quot;created_timestamp&quot;:&quot;0&quot;,&quot;copyright&quot;:&quot;&quot;,&quot;focal_length&quot;:&quot;0&quot;,&quot;iso&quot;:&quot;0&quot;,&quot;shutter_speed&quot;:&quot;0&quot;,&quot;title&quot;:&quot;&quot;,&quot;orientation&quot;:&quot;0&quot;}\" data-image-title=\"dotpay_10_baner\" data-image-description=\"\" data-image-caption=\"\" data-medium-file=\"https:\/\/przestrzendlaedukacji.files.wordpress.com\/2016\/07\/dotpay_10_baner1.jpg?w=170\" data-large-file=\"https:\/\/przestrzendlaedukacji.files.wordpress.com\/2016\/07\/dotpay_10_baner1.jpg?w=170\" \/><\/a> <a href=\"https:\/\/ssl.dotpay.pl\/t2\/?pid=p3rkbr6v0utpf900fxh47vnnv9jolkt8\" target=\"_blank\" rel=\"noopener\"><img decoding=\"async\" class=\"size-full wp-image-2458 alignleft\" src=\"https:\/\/przestrzendlaedukacji.files.wordpress.com\/2016\/07\/dotpay_50_baner.jpg?w=760\" sizes=\"(max-width: 170px) 100vw, 170px\" srcset=\"https:\/\/przestrzendlaedukacji.files.wordpress.com\/2016\/07\/dotpay_50_baner.jpg 170w, https:\/\/przestrzendlaedukacji.files.wordpress.com\/2016\/07\/dotpay_50_baner.jpg?w=150&amp;h=64 150w\" alt=\"dotpay_50_baner\" data-attachment-id=\"2458\" data-permalink=\"https:\/\/przestrzendlaedukacji.org\/wspieraj-nas\/dotpay_50_baner\/\" data-orig-file=\"https:\/\/przestrzendlaedukacji.files.wordpress.com\/2016\/07\/dotpay_50_baner.jpg\" data-orig-size=\"170,72\" data-comments-opened=\"0\" data-image-meta=\"{&quot;aperture&quot;:&quot;0&quot;,&quot;credit&quot;:&quot;&quot;,&quot;camera&quot;:&quot;&quot;,&quot;caption&quot;:&quot;&quot;,&quot;created_timestamp&quot;:&quot;0&quot;,&quot;copyright&quot;:&quot;&quot;,&quot;focal_length&quot;:&quot;0&quot;,&quot;iso&quot;:&quot;0&quot;,&quot;shutter_speed&quot;:&quot;0&quot;,&quot;title&quot;:&quot;&quot;,&quot;orientation&quot;:&quot;0&quot;}\" data-image-title=\"dotpay_50_baner\" data-image-description=\"\" data-image-caption=\"\" data-medium-file=\"https:\/\/przestrzendlaedukacji.files.wordpress.com\/2016\/07\/dotpay_50_baner.jpg?w=170\" data-large-file=\"https:\/\/przestrzendlaedukacji.files.wordpress.com\/2016\/07\/dotpay_50_baner.jpg?w=170\" \/><\/a>\u00a0 \u00a0<a href=\"https:\/\/ssl.dotpay.pl\/t2\/?pid=e9egvx5u04f5ps7c5u5n251x8q8crb97\" target=\"_blank\" rel=\"noopener\"><img decoding=\"async\" class=\"size-full wp-image-2461 alignleft\" src=\"https:\/\/przestrzendlaedukacji.files.wordpress.com\/2016\/07\/dotpay_100_baner1.jpg?w=760\" sizes=\"(max-width: 170px) 100vw, 170px\" srcset=\"https:\/\/przestrzendlaedukacji.files.wordpress.com\/2016\/07\/dotpay_100_baner1.jpg 170w, https:\/\/przestrzendlaedukacji.files.wordpress.com\/2016\/07\/dotpay_100_baner1.jpg?w=150&amp;h=64 150w\" alt=\"dotpay_100_baner\" data-attachment-id=\"2461\" data-permalink=\"https:\/\/przestrzendlaedukacji.org\/wspieraj-nas\/dotpay_100_baner-2\/\" data-orig-file=\"https:\/\/przestrzendlaedukacji.files.wordpress.com\/2016\/07\/dotpay_100_baner1.jpg\" data-orig-size=\"170,72\" data-comments-opened=\"0\" data-image-meta=\"{&quot;aperture&quot;:&quot;0&quot;,&quot;credit&quot;:&quot;&quot;,&quot;camera&quot;:&quot;&quot;,&quot;caption&quot;:&quot;&quot;,&quot;created_timestamp&quot;:&quot;0&quot;,&quot;copyright&quot;:&quot;&quot;,&quot;focal_length&quot;:&quot;0&quot;,&quot;iso&quot;:&quot;0&quot;,&quot;shutter_speed&quot;:&quot;0&quot;,&quot;title&quot;:&quot;&quot;,&quot;orientation&quot;:&quot;0&quot;}\" data-image-title=\"dotpay_100_baner\" data-image-description=\"\" data-image-caption=\"\" data-medium-file=\"https:\/\/przestrzendlaedukacji.files.wordpress.com\/2016\/07\/dotpay_100_baner1.jpg?w=170\" data-large-file=\"https:\/\/przestrzendlaedukacji.files.wordpress.com\/2016\/07\/dotpay_100_baner1.jpg?w=170\" \/><\/a>\u00a0 \u00a0<a href=\"https:\/\/ssl.dotpay.pl\/t2\/?id=447107&amp;opis=Darowizna%20na%20cele%20statutowe\" target=\"_blank\" rel=\"noopener\"><img decoding=\"async\" class=\"wp-image-2460 size-full alignleft\" src=\"https:\/\/przestrzendlaedukacji.files.wordpress.com\/2016\/07\/dotpay_innakwota_baner.jpg?w=760\" sizes=\"(max-width: 170px) 100vw, 170px\" srcset=\"https:\/\/przestrzendlaedukacji.files.wordpress.com\/2016\/07\/dotpay_innakwota_baner.jpg 170w, https:\/\/przestrzendlaedukacji.files.wordpress.com\/2016\/07\/dotpay_innakwota_baner.jpg?w=150&amp;h=64 150w\" alt=\"dotpay_innakwota_baner\" data-attachment-id=\"2460\" data-permalink=\"https:\/\/przestrzendlaedukacji.org\/wspieraj-nas\/dotpay_innakwota_baner\/\" data-orig-file=\"https:\/\/przestrzendlaedukacji.files.wordpress.com\/2016\/07\/dotpay_innakwota_baner.jpg\" data-orig-size=\"170,72\" data-comments-opened=\"0\" data-image-meta=\"{&quot;aperture&quot;:&quot;0&quot;,&quot;credit&quot;:&quot;&quot;,&quot;camera&quot;:&quot;&quot;,&quot;caption&quot;:&quot;&quot;,&quot;created_timestamp&quot;:&quot;0&quot;,&quot;copyright&quot;:&quot;&quot;,&quot;focal_length&quot;:&quot;0&quot;,&quot;iso&quot;:&quot;0&quot;,&quot;shutter_speed&quot;:&quot;0&quot;,&quot;title&quot;:&quot;&quot;,&quot;orientation&quot;:&quot;0&quot;}\" data-image-title=\"dotpay_innakwota_baner\" data-image-description=\"\" data-image-caption=\"\" data-medium-file=\"https:\/\/przestrzendlaedukacji.files.wordpress.com\/2016\/07\/dotpay_innakwota_baner.jpg?w=170\" data-large-file=\"https:\/\/przestrzendlaedukacji.files.wordpress.com\/2016\/07\/dotpay_innakwota_baner.jpg?w=170\" \/><\/a><\/p><p>\u00a0<\/p><p>\u00a0<\/p><p>lub standardowym przelewem:<\/p><p><strong>nr konta bankowego:<br \/>59 2130 0004 2001 0720 2625 0001<\/strong><\/p><p><span class=\"text_exposed_show\">ul. Antoniego J\u00f3zefa Madali\u0144skiego 23A\/69, <\/span><span class=\"text_exposed_show\">02-513 Warszawa<\/span><\/p><p>tytu\u0142 przelewu: <strong>DAROWIZNA<\/strong><\/p>\t\t\t\t\t\t<\/div>\n\t\t\t\t<\/div>\n\t\t\t\t\t<\/div>\n\t\t\t\t<\/div>\n\t\t<div class=\"elementor-element elementor-element-678eb64 e-con-full e-flex wpr-particle-no wpr-jarallax-no wpr-parallax-no wpr-sticky-section-no e-con e-parent\" data-id=\"678eb64\" data-element_type=\"container\" data-settings=\"{&quot;_ha_eqh_enable&quot;:false}\" data-core-v316-plus=\"true\">\n\t\t\t\t<div class=\"elementor-element elementor-element-32c3271 elementor-widget-tablet__width-initial elementor-widget elementor-widget-shortcode\" data-id=\"32c3271\" data-element_type=\"widget\" data-widget_type=\"shortcode.default\">\n\t\t\t\t<div class=\"elementor-widget-container\">\n\t\t\t\t\t<div class=\"elementor-shortcode\">\t\t<div data-elementor-type=\"wp-post\" data-elementor-id=\"782\" class=\"elementor elementor-782\">\n\t\t\t\t<div class=\"elementor-element elementor-element-59be014 e-con-full e-flex wpr-particle-no wpr-jarallax-no wpr-parallax-no e-con e-parent\" data-id=\"59be014\" data-element_type=\"container\" data-settings=\"{&quot;background_background&quot;:&quot;classic&quot;}\" data-core-v316-plus=\"true\">\n\t\t\t\t<div class=\"elementor-element elementor-element-a562a30 elementor-widget elementor-widget-image\" data-id=\"a562a30\" data-element_type=\"widget\" data-widget_type=\"image.default\">\n\t\t\t\t<div class=\"elementor-widget-container\">\n\t\t\t\t\t\t\t\t\t\t\t\t\t\t<a href=\"https:\/\/przestrzendlaedukacji.org\/\">\n\t\t\t\t\t\t\t<img decoding=\"async\" src=\"https:\/\/przestrzendlaedukacji.org\/wp-content\/uploads\/2024\/02\/pde.jpg\" title=\"\" alt=\"\" loading=\"lazy\" \/>\t\t\t\t\t\t\t\t<\/a>\n\t\t\t\t\t\t\t\t\t\t\t\t\t<\/div>\n\t\t\t\t<\/div>\n\t\t\t\t<div class=\"elementor-element elementor-element-3885d31 elementor-widget elementor-widget-text-editor\" data-id=\"3885d31\" data-element_type=\"widget\" data-widget_type=\"text-editor.default\">\n\t\t\t\t<div class=\"elementor-widget-container\">\n\t\t\t\t\t\t\t<p><strong>Adres:<\/strong> <br \/>ul. Antoniego J\u00f3zefa Madali\u0144skiego 23A\/69<br \/>02-513 Warszawa<\/p>\t\t\t\t\t\t<\/div>\n\t\t\t\t<\/div>\n\t\t\t\t<div class=\"elementor-element elementor-element-6b4a722 elementor-widget elementor-widget-text-editor\" data-id=\"6b4a722\" data-element_type=\"widget\" data-widget_type=\"text-editor.default\">\n\t\t\t\t<div class=\"elementor-widget-container\">\n\t\t\t\t\t\t\t<p>\u00a0\u00a0\u00a0\u00a0\u00a0 <\/p>\t\t\t\t\t\t<\/div>\n\t\t\t\t<\/div>\n\t\t\t\t<div class=\"elementor-element elementor-element-5b06ea9 elementor-widget elementor-widget-text-editor\" data-id=\"5b06ea9\" data-element_type=\"widget\" data-widget_type=\"text-editor.default\">\n\t\t\t\t<div class=\"elementor-widget-container\">\n\t\t\t\t\t\t\t<p><strong>KRS:<\/strong>\u00a00000588325<br \/><strong>NIP:<\/strong>\u00a05213713873<br \/><strong>Regon:<\/strong>\u00a0363090074<\/p>\t\t\t\t\t\t<\/div>\n\t\t\t\t<\/div>\n\t\t\t\t<\/div>\n\t\t<div class=\"elementor-element elementor-element-6fcdbef e-con-full e-flex wpr-particle-no wpr-jarallax-no wpr-parallax-no e-con e-parent\" data-id=\"6fcdbef\" data-element_type=\"container\" data-settings=\"{&quot;background_background&quot;:&quot;classic&quot;}\" data-core-v316-plus=\"true\">\n\t\t\t\t<div class=\"elementor-element elementor-element-4ec43e6 elementor-widget__width-initial elementor-widget elementor-widget-text-editor\" data-id=\"4ec43e6\" data-element_type=\"widget\" data-widget_type=\"text-editor.default\">\n\t\t\t\t<div class=\"elementor-widget-container\">\n\t\t\t\t\t\t\t<p>Copyright \u00a9 2024<\/p>\t\t\t\t\t\t<\/div>\n\t\t\t\t<\/div>\n\t\t\t\t<div class=\"elementor-element elementor-element-a92c84d elementor-widget elementor-widget-text-editor\" data-id=\"a92c84d\" data-element_type=\"widget\" data-widget_type=\"text-editor.default\">\n\t\t\t\t<div class=\"elementor-widget-container\">\n\t\t\t\t\t\t\t<p>\u00a0\u00a0\u00a0\u00a0\u00a0\u00a0\u00a0 .<\/p>\t\t\t\t\t\t<\/div>\n\t\t\t\t<\/div>\n\t\t\t\t<div class=\"elementor-element elementor-element-911cb05 elementor-widget__width-initial elementor-widget elementor-widget-text-editor\" data-id=\"911cb05\" data-element_type=\"widget\" data-widget_type=\"text-editor.default\">\n\t\t\t\t<div class=\"elementor-widget-container\">\n\t\t\t\t\t\t\t<p>Polityka prywatno\u015bci<\/p>\t\t\t\t\t\t<\/div>\n\t\t\t\t<\/div>\n\t\t\t\t<\/div>\n\t\t\t\t<\/div>\n\t\t<\/div>\n\t\t\t\t<\/div>\n\t\t\t\t<\/div>\n\t\t\t\t<\/div>\n\t\t\t\t<\/div>\n\t\t","protected":false},"excerpt":{"rendered":"<p>Osoby zainteresowane przekazaniem darowizny na rzecz fundacji proszone s\u0105 o dokonywanie wp\u0142at poprzez p\u0142atno\u015bci Dotpay klikaj\u0105c na wybrany przycisk poni\u017cej: \u00a0 \u00a0\u00a0 \u00a0 \u00a0 \u00a0 lub standardowym przelewem: nr konta bankowego:59 2130 0004 2001 0720 2625 0001 ul. Antoniego J\u00f3zefa Madali\u0144skiego 23A\/69, 02-513 Warszawa tytu\u0142 przelewu: DAROWIZNA<\/p>\n","protected":false},"author":1,"featured_media":0,"parent":0,"menu_order":0,"comment_status":"closed","ping_status":"closed","template":"elementor_header_footer","meta":{"_eb_attr":"","footnotes":""},"_links":{"self":[{"href":"https:\/\/przestrzendlaedukacji.org\/index.php\/wp-json\/wp\/v2\/pages\/645"}],"collection":[{"href":"https:\/\/przestrzendlaedukacji.org\/index.php\/wp-json\/wp\/v2\/pages"}],"about":[{"href":"https:\/\/przestrzendlaedukacji.org\/index.php\/wp-json\/wp\/v2\/types\/page"}],"author":[{"embeddable":true,"href":"https:\/\/przestrzendlaedukacji.org\/index.php\/wp-json\/wp\/v2\/users\/1"}],"replies":[{"embeddable":true,"href":"https:\/\/przestrzendlaedukacji.org\/index.php\/wp-json\/wp\/v2\/comments?post=645"}],"version-history":[{"count":16,"href":"https:\/\/przestrzendlaedukacji.org\/index.php\/wp-json\/wp\/v2\/pages\/645\/revisions"}],"predecessor-version":[{"id":1389,"href":"https:\/\/przestrzendlaedukacji.org\/index.php\/wp-json\/wp\/v2\/pages\/645\/revisions\/1389"}],"wp:attachment":[{"href":"https:\/\/przestrzendlaedukacji.org\/index.php\/wp-json\/wp\/v2\/media?parent=645"}],"curies":[{"name":"wp","href":"https:\/\/api.w.org\/{rel}","templated":true}]}}